{"id":57498,"date":"2022-01-10T18:15:15","date_gmt":"2022-01-10T18:15:15","guid":{"rendered":"https:\/\/the7.io\/elementor-creative-dark\/?page_id=57498"},"modified":"2022-01-10T18:15:15","modified_gmt":"2022-01-10T18:15:15","slug":"blog","status":"publish","type":"page","link":"https:\/\/2ndopiniondays.com\/index.php\/blog\/","title":{"rendered":"Blog layout 1"},"content":{"rendered":"\t\t<div data-elementor-type=\"wp-page\" data-elementor-id=\"57498\" class=\"elementor elementor-57498\" data-elementor-post-type=\"page\">\n\t\t\t\t\t\t\t\t\t<section class=\"elementor-section elementor-top-section elementor-element elementor-element-be39138 elementor-section-boxed elementor-section-height-default elementor-section-height-default\" data-id=\"be39138\" data-element_type=\"section\">\n\t\t\t\t\t\t<div class=\"elementor-container elementor-column-gap-wide\">\n\t\t\t\t\t<div class=\"elementor-column elementor-col-100 elementor-top-column elementor-element elementor-element-37037ba\" data-id=\"37037ba\" data-element_type=\"column\">\n\t\t\t<div class=\"elementor-widget-wrap elementor-element-populated\">\n\t\t\t\t\t\t\t\t<div class=\"elementor-element elementor-element-c090e29 elementor-widget elementor-widget-heading\" data-id=\"c090e29\" data-element_type=\"widget\" data-widget_type=\"heading.default\">\n\t\t\t\t<div class=\"elementor-widget-container\">\n\t\t\t<h3 class=\"elementor-heading-title elementor-size-default\">Our views on marketing, design & technology<\/h3>\t\t<\/div>\n\t\t\t\t<\/div>\n\t\t\t\t\t<\/div>\n\t\t<\/div>\n\t\t\t\t\t\t\t<\/div>\n\t\t<\/section>\n\t\t\t\t<section class=\"elementor-section elementor-top-section elementor-element elementor-element-76b280a elementor-section-boxed elementor-section-height-default elementor-section-height-default\" data-id=\"76b280a\" data-element_type=\"section\">\n\t\t\t\t\t\t<div class=\"elementor-container elementor-column-gap-wide\">\n\t\t\t\t\t<div class=\"elementor-column elementor-col-100 elementor-top-column elementor-element elementor-element-8dc9837\" data-id=\"8dc9837\" data-element_type=\"column\">\n\t\t\t<div class=\"elementor-widget-wrap elementor-element-populated\">\n\t\t\t\t\t\t\t\t<div class=\"elementor-element elementor-element-28913ba elementor-widget elementor-widget-the7-taxonomy-filter\" data-id=\"28913ba\" data-element_type=\"widget\" data-widget_type=\"the7-taxonomy-filter.default\">\n\t\t\t\t<div class=\"elementor-widget-container\">\n\t\t\t<div class=\"filter-decorations without-isotope filter filter-pointer-underline filter-animation-fade\"><div class=\"filter-categories\"><a href=\"\/index.php\/wp-json\/wp\/v2\/pages\/57498\" class=\"show-all filter-item act\">All<\/a><a class=\"filter-item\" href=\"\/index.php\/wp-json\/wp\/v2\/pages\/57498?taxonomy=category&#038;term=2ndopiniondays\" data-filter=\".category-356\">2ndopiniondays<\/a><\/div><\/div>\t\t<\/div>\n\t\t\t\t<\/div>\n\t\t\t\t<div class=\"elementor-element elementor-element-8b67985 image-vertical-align-center icon-box-vertical-align-center img-align-mobile-top img-align-left preserve-img-ratio-cover slide-h-position-left elementor-widget elementor-widget-the7-elements-simple-posts\" data-id=\"8b67985\" data-element_type=\"widget\" data-widget_type=\"the7-elements-simple-posts.default\">\n\t\t\t\t<div class=\"elementor-widget-container\">\n\t\t\t<div class=\"the7-simple-widget-posts the7-elementor-widget the7-elements-simple-posts-8b67985 jquery-filter jquery-filter\" data-post-limit=\"8\" data-pagination-mode=\"load-more\" data-scroll-offset=\"\">\t\t\t<div class=\"dt-css-grid custom-pagination-handler\" data-columns=\"{&quot;d&quot;:2,&quot;t&quot;:1,&quot;p&quot;:1,&quot;wd&quot;:&quot;&quot;}\">\n\t\t\t\t\t\t\t\t\t<div class=\"wf-cell visible \">\n\t\t\t\t\t\t<article class=\"post visible wrapper post-5926 type-post status-publish format-standard has-post-thumbnail hentry category-2ndopiniondays tag-art tag-fashion tag-featured tag-modern\">\n\n\t\t\t\t\t\t\t<div class=\"post-content-wrapper\">\n\t\t\t\t\t\t\t\t\t\t\t\t\t\t\t\t\t<div class=\"the7-simple-post-thumb\">\n\t\t\t\t\t\t\t\t\t\t<a class=\"post-thumbnail-rollover layzr-bg img-css-resize-wrapper\" aria-label=\"Post image\" href=\"https:\/\/2ndopiniondays.com\/index.php\/2020\/10\/09\/checkupway-kirgizistan-pazarinin-buyuk-saglik-turizmi-operatorlerinden-deconsilior-group-ile-b2b-ve-b2c-organizasyonlari-icin-anlasma-sagladi-2\/\"><img fetchpriority=\"high\" decoding=\"async\" width=\"1500\" height=\"1000\" src=\"data:image\/svg+xml,%3Csvg%20xmlns%3D&#039;http%3A%2F%2Fwww.w3.org%2F2000%2Fsvg&#039;%20viewBox%3D&#039;0%200%201500%201000&#039;%2F%3E\" class=\"attachment-full size-full preload-me aspect lazy lazy-load\" alt=\"\" sizes=\"(max-width: 1500px) 100vw, 1500px\" style=\"--ratio: 1500 \/ 1000;\" data-src=\"https:\/\/2ndopiniondays.com\/wp-content\/uploads\/2020\/10\/3d039.jpg\" loading=\"eager\" data-srcset=\"https:\/\/2ndopiniondays.com\/wp-content\/uploads\/2020\/10\/3d039.jpg 1500w, https:\/\/2ndopiniondays.com\/wp-content\/uploads\/2020\/10\/3d039-300x200.jpg 300w, https:\/\/2ndopiniondays.com\/wp-content\/uploads\/2020\/10\/3d039-1024x683.jpg 1024w, https:\/\/2ndopiniondays.com\/wp-content\/uploads\/2020\/10\/3d039-768x512.jpg 768w, https:\/\/2ndopiniondays.com\/wp-content\/uploads\/2020\/10\/3d039-600x400.jpg 600w\" \/><span class=\"the7-hover-icon\"><svg xmlns=\"http:\/\/www.w3.org\/2000\/svg\" viewBox=\"0 0 24 24\" width=\"24\" height=\"24\"><path fill=\"none\" d=\"M0 0h24v24H0z\"><\/path><path d=\"M5 10c-1.1 0-2 .9-2 2s.9 2 2 2 2-.9 2-2-.9-2-2-2zm14 0c-1.1 0-2 .9-2 2s.9 2 2 2 2-.9 2-2-.9-2-2-2zm-7 0c-1.1 0-2 .9-2 2s.9 2 2 2 2-.9 2-2-.9-2-2-2z\"><\/path><\/svg><\/span><\/a>\t\t\t\t\t\t\t\t\t<\/div>\n\t\t\t\t\t\t\t\t\t\t\t\t\t\t\t\t<div class=\"post-entry-content\">\n\t\t\t\t\t\t\t\t\t<h5 class=\"heading\"><a href=\"https:\/\/2ndopiniondays.com\/index.php\/2020\/10\/09\/checkupway-kirgizistan-pazarinin-buyuk-saglik-turizmi-operatorlerinden-deconsilior-group-ile-b2b-ve-b2c-organizasyonlari-icin-anlasma-sagladi-2\/\" rel=\"bookmark\" title=\"Checkupway , K\u0131rg\u0131zistan pazar\u0131n\u0131n b\u00fcy\u00fck sa\u011fl\u0131k turizmi operat\u00f6rlerinden Deconsilior Group ile B2B ve B2C organizasyonlar\u0131 i\u00e7in anla\u015fma sa\u011flad\u0131\" class=\"post-title\">Checkupway , K\u0131rg\u0131zistan pazar\u0131n\u0131n b\u00fcy\u00fck sa\u011fl\u0131k turizmi operat\u00f6rlerinden Deconsilior Group ile B2B ve B2C organizasyonlar\u0131&hellip;<\/a><\/h5><div class=\"entry-meta\"><span class=\"meta-item category-link\"><a href=\"https:\/\/2ndopiniondays.com\/index.php\/category\/2ndopiniondays\/\" rel=\"tag\">2ndopiniondays<\/a><\/span><span class=\"meta-item data-link\"><time class=\"entry-date updated\" datetime=\"2020-10-09T16:40:18+03:00\">9 Ekim 2020<\/time><\/span><\/div>\t\t\t\t\t\t\t\t<\/div>\n\t\t\t\t\t\t\t<\/div>\n\t\t\t\t\t\t<\/article>\n\t\t\t\t\t<\/div>\t\t\t\t\t\t\t\t<\/div>\n\t\t<div class=\"paginator filter-decorations paginator-more-button filter-pointer-background\">\n\t\t\t\t<a class=\"button-load-more highlighted filter-item\" href=\"javascript:void(0);\" data-dt-page=\"1\" ><span class=\"button-caption\">Load more<\/span><\/a>\n\t\t\t<\/div><\/div>\t\t<\/div>\n\t\t\t\t<\/div>\n\t\t\t\t\t<\/div>\n\t\t<\/div>\n\t\t\t\t\t\t\t<\/div>\n\t\t<\/section>\n\t\t\t\t\t\t\t<\/div>\n\t\t","protected":false},"excerpt":{"rendered":"","protected":false},"author":1,"featured_media":0,"parent":0,"menu_order":50,"comment_status":"closed","ping_status":"closed","template":"","meta":{"footnotes":""},"class_list":["post-57498","page","type-page","status-publish","hentry"],"_links":{"self":[{"href":"https:\/\/2ndopiniondays.com\/index.php\/wp-json\/wp\/v2\/pages\/57498","targetHints":{"allow":["GET"]}}],"collection":[{"href":"https:\/\/2ndopiniondays.com\/index.php\/wp-json\/wp\/v2\/pages"}],"about":[{"href":"https:\/\/2ndopiniondays.com\/index.php\/wp-json\/wp\/v2\/types\/page"}],"author":[{"embeddable":true,"href":"https:\/\/2ndopiniondays.com\/index.php\/wp-json\/wp\/v2\/users\/1"}],"replies":[{"embeddable":true,"href":"https:\/\/2ndopiniondays.com\/index.php\/wp-json\/wp\/v2\/comments?post=57498"}],"version-history":[{"count":0,"href":"https:\/\/2ndopiniondays.com\/index.php\/wp-json\/wp\/v2\/pages\/57498\/revisions"}],"wp:attachment":[{"href":"https:\/\/2ndopiniondays.com\/index.php\/wp-json\/wp\/v2\/media?parent=57498"}],"curies":[{"name":"wp","href":"https:\/\/api.w.org\/{rel}","templated":true}]}}